{"id":1361,"date":"2021-06-06T17:06:31","date_gmt":"2021-06-06T15:06:31","guid":{"rendered":"https:\/\/gitesdelasaisse.fr\/?page_id=1361"},"modified":"2023-01-21T16:47:31","modified_gmt":"2023-01-21T15:47:31","slug":"reglement-interieur","status":"publish","type":"page","link":"https:\/\/gitesdelasaisse.fr\/index.php\/reglement-interieur\/","title":{"rendered":"R\u00e8glement int\u00e9rieur"},"content":{"rendered":"\n<h4>Merci de prendre connaissance du r\u00e8glement int\u00e9rieur de la location avant de valider votre r\u00e9servation de s\u00e9jour.<\/h4>\n\n\n<a href=\"https:\/\/gitesdelasaisse.fr\/wp-content\/uploads\/2023\/01\/reglement_interieur_saisse.pdf\" class=\"pdfemb-viewer\" style=\"\" data-width=\"max\" data-height=\"max\"  data-toolbar=\"bottom\" data-toolbar-fixed=\"on\">reglement_interieur_saisse<br\/><\/a>\n<p class=\"wp-block-pdfemb-pdf-embedder-viewer\"><\/p>\n\n\n\n<p><\/p>\n","protected":false},"excerpt":{"rendered":"<p>Merci de prendre connaissance du r\u00e8glement int\u00e9rieur de la location avant de valider votre r\u00e9servation de s\u00e9jour.<\/p>\n","protected":false},"author":1,"featured_media":0,"parent":0,"menu_order":0,"comment_status":"closed","ping_status":"closed","template":"elementor_theme","meta":[],"_links":{"self":[{"href":"https:\/\/gitesdelasaisse.fr\/index.php\/wp-json\/wp\/v2\/pages\/1361"}],"collection":[{"href":"https:\/\/gitesdelasaisse.fr\/index.php\/wp-json\/wp\/v2\/pages"}],"about":[{"href":"https:\/\/gitesdelasaisse.fr\/index.php\/wp-json\/wp\/v2\/types\/page"}],"author":[{"embeddable":true,"href":"https:\/\/gitesdelasaisse.fr\/index.php\/wp-json\/wp\/v2\/users\/1"}],"replies":[{"embeddable":true,"href":"https:\/\/gitesdelasaisse.fr\/index.php\/wp-json\/wp\/v2\/comments?post=1361"}],"version-history":[{"count":6,"href":"https:\/\/gitesdelasaisse.fr\/index.php\/wp-json\/wp\/v2\/pages\/1361\/revisions"}],"predecessor-version":[{"id":1505,"href":"https:\/\/gitesdelasaisse.fr\/index.php\/wp-json\/wp\/v2\/pages\/1361\/revisions\/1505"}],"wp:attachment":[{"href":"https:\/\/gitesdelasaisse.fr\/index.php\/wp-json\/wp\/v2\/media?parent=1361"}],"curies":[{"name":"wp","href":"https:\/\/api.w.org\/{rel}","templated":true}]}}