{"id":904,"date":"2021-05-15T08:25:40","date_gmt":"2021-05-15T06:25:40","guid":{"rendered":"https:\/\/gitesdelasaisse.fr\/?page_id=904"},"modified":"2023-01-22T13:39:54","modified_gmt":"2023-01-22T12:39:54","slug":"logements","status":"publish","type":"page","link":"https:\/\/gitesdelasaisse.fr\/index.php\/logements\/","title":{"rendered":"Logements"},"content":{"rendered":"\t\t<div data-elementor-type=\"wp-page\" data-elementor-id=\"904\" class=\"elementor elementor-904\" data-elementor-settings=\"[]\">\n\t\t\t\t\t\t\t<div class=\"elementor-section-wrap\">\n\t\t\t\t\t\t\t<section class=\"elementor-section elementor-top-section elementor-element elementor-element-be4e1ed elementor-section-boxed elementor-section-height-default elementor-section-height-default\" data-id=\"be4e1ed\" data-element_type=\"section\">\n\t\t\t\t\t\t<div class=\"elementor-container elementor-column-gap-default\">\n\t\t\t\t\t<div class=\"elementor-column elementor-col-100 elementor-top-column elementor-element elementor-element-54b2d5c\" data-id=\"54b2d5c\" data-element_type=\"column\">\n\t\t\t<div class=\"elementor-widget-wrap elementor-element-populated\">\n\t\t\t\t\t\t\t\t<div class=\"elementor-element elementor-element-d6ef8e7 elementor-widget elementor-widget-heading\" data-id=\"d6ef8e7\" data-element_type=\"widget\" data-widget_type=\"heading.default\">\n\t\t\t\t<div class=\"elementor-widget-container\">\n\t\t\t<h2 class=\"elementor-heading-title elementor-size-default\">Les 4 appartements des g\u00eetes de la Saisse<\/h2>\t\t<\/div>\n\t\t\t\t<\/div>\n\t\t\t\t\t<\/div>\n\t\t<\/div>\n\t\t\t\t\t\t\t<\/div>\n\t\t<\/section>\n\t\t\t\t<section class=\"elementor-section elementor-top-section elementor-element elementor-element-b621e06 elementor-section-boxed elementor-section-height-default elementor-section-height-default\" data-id=\"b621e06\" data-element_type=\"section\">\n\t\t\t\t\t\t<div class=\"elementor-container elementor-column-gap-default\">\n\t\t\t\t\t<div class=\"elementor-column elementor-col-100 elementor-top-column elementor-element elementor-element-63843e0\" data-id=\"63843e0\" data-element_type=\"column\">\n\t\t\t<div class=\"elementor-widget-wrap elementor-element-populated\">\n\t\t\t\t\t\t\t\t<div class=\"elementor-element elementor-element-a22680e elementor-widget elementor-widget-text-editor\" data-id=\"a22680e\" data-element_type=\"widget\" data-widget_type=\"text-editor.default\">\n\t\t\t\t<div class=\"elementor-widget-container\">\n\t\t\t\t\t\t\t<p>Nos 4 appartements ont tous une magnifique vue sur le lac et\/ou sur la rivi\u00e8re ; diff\u00e9rents tous les 4 diff\u00e9rents, chacun a un petit plus qui le diff\u00e9rencie des autres, que ce soit :<\/p><ul><li>de larges baies vitr\u00e9es (6 m.), et la pr\u00e9sence de la charpente, pour le spacieux F2 du 2\u00e8 \u00e9tage,<\/li><li>une terrasse et deux chambres, pour celui du rez de chauss\u00e9e<\/li><li>l&#8217;orientation d&#8217;Est en Ouest, avec un petit balcon, pour le studio n\u00b02 du 1er \u00e9tage,<\/li><li>ou encore , le soleil levant qui le baigne de lumi\u00e8re le studio c\u00f4t\u00e9 rivi\u00e8re \u00e0 l&#8217;heure du petit d\u00e9jeuner&#8230;\u00a0<\/li><\/ul>\t\t\t\t\t\t<\/div>\n\t\t\t\t<\/div>\n\t\t\t\t\t<\/div>\n\t\t<\/div>\n\t\t\t\t\t\t\t<\/div>\n\t\t<\/section>\n\t\t\t\t<section class=\"elementor-section elementor-top-section elementor-element elementor-element-d276f83 elementor-section-boxed elementor-section-height-default elementor-section-height-default\" data-id=\"d276f83\" data-element_type=\"section\">\n\t\t\t\t\t\t<div class=\"elementor-container elementor-column-gap-default\">\n\t\t\t\t\t<div class=\"elementor-column elementor-col-100 elementor-top-column elementor-element elementor-element-55385f6\" data-id=\"55385f6\" data-element_type=\"column\">\n\t\t\t<div class=\"elementor-widget-wrap elementor-element-populated\">\n\t\t\t\t\t\t\t\t<div class=\"elementor-element elementor-element-65c859c elementor-tabs-view-horizontal elementor-widget elementor-widget-tabs\" data-id=\"65c859c\" data-element_type=\"widget\" data-widget_type=\"tabs.default\">\n\t\t\t\t<div class=\"elementor-widget-container\">\n\t\t\t\t\t<div class=\"elementor-tabs\">\n\t\t\t<div class=\"elementor-tabs-wrapper\" role=\"tablist\" >\n\t\t\t\t\t\t\t\t\t<div id=\"elementor-tab-title-1061\" class=\"elementor-tab-title elementor-tab-desktop-title\" aria-selected=\"true\" data-tab=\"1\" role=\"tab\" tabindex=\"0\" aria-controls=\"elementor-tab-content-1061\" aria-expanded=\"false\">F3 rdc<\/div>\n\t\t\t\t\t\t\t\t\t<div id=\"elementor-tab-title-1062\" class=\"elementor-tab-title elementor-tab-desktop-title\" aria-selected=\"false\" data-tab=\"2\" role=\"tab\" tabindex=\"-1\" aria-controls=\"elementor-tab-content-1062\" aria-expanded=\"false\">Studio n\u00b01 - 1er \u00e9t.<\/div>\n\t\t\t\t\t\t\t\t\t<div id=\"elementor-tab-title-1063\" class=\"elementor-tab-title elementor-tab-desktop-title\" aria-selected=\"false\" data-tab=\"3\" role=\"tab\" tabindex=\"-1\" aria-controls=\"elementor-tab-content-1063\" aria-expanded=\"false\">Studion\u00b02 - 1er \u00e9t.<\/div>\n\t\t\t\t\t\t\t\t\t<div id=\"elementor-tab-title-1064\" class=\"elementor-tab-title elementor-tab-desktop-title\" aria-selected=\"false\" data-tab=\"4\" role=\"tab\" tabindex=\"-1\" aria-controls=\"elementor-tab-content-1064\" aria-expanded=\"false\">F2 - 2\u00e8 \u00e9t.<\/div>\n\t\t\t\t\t\t\t<\/div>\n\t\t\t<div class=\"elementor-tabs-content-wrapper\" role=\"tablist\" aria-orientation=\"vertical\">\n\t\t\t\t\t\t\t\t\t<div class=\"elementor-tab-title elementor-tab-mobile-title\" aria-selected=\"true\" data-tab=\"1\" role=\"tab\" tabindex=\"0\" aria-controls=\"elementor-tab-content-1061\" aria-expanded=\"false\">F3 rdc<\/div>\n\t\t\t\t\t<div id=\"elementor-tab-content-1061\" class=\"elementor-tab-content elementor-clearfix\" data-tab=\"1\" role=\"tabpanel\" aria-labelledby=\"elementor-tab-title-1061\" tabindex=\"0\" hidden=\"false\"><p><div id='gallery-1' class='gallery galleryid-904 gallery-columns-3 gallery-size-thumbnail'><figure class='gallery-item'>\n\t\t\t<div class='gallery-icon portrait'>\n\t\t\t\t<a href='https:\/\/gitesdelasaisse.fr\/img_5045-heic\/'><img width=\"150\" height=\"150\" src=\"https:\/\/gitesdelasaisse.fr\/wp-content\/uploads\/2021\/05\/IMG_5045.HEIC-150x150.jpeg\" class=\"attachment-thumbnail size-thumbnail\" alt=\"\" decoding=\"async\" loading=\"lazy\" \/><\/a>\n\t\t\t<\/div><\/figure><figure class='gallery-item'>\n\t\t\t<div class='gallery-icon portrait'>\n\t\t\t\t<a href='https:\/\/gitesdelasaisse.fr\/img_5333\/'><img width=\"150\" height=\"150\" src=\"https:\/\/gitesdelasaisse.fr\/wp-content\/uploads\/2021\/05\/IMG_5333-150x150.jpeg\" class=\"attachment-thumbnail size-thumbnail\" alt=\"\" decoding=\"async\" loading=\"lazy\" \/><\/a>\n\t\t\t<\/div><\/figure><figure class='gallery-item'>\n\t\t\t<div class='gallery-icon landscape'>\n\t\t\t\t<a href='https:\/\/gitesdelasaisse.fr\/img_5324\/'><img width=\"150\" height=\"150\" src=\"https:\/\/gitesdelasaisse.fr\/wp-content\/uploads\/2021\/05\/IMG_5324-150x150.jpeg\" class=\"attachment-thumbnail size-thumbnail\" alt=\"\" decoding=\"async\" loading=\"lazy\" \/><\/a>\n\t\t\t<\/div><\/figure><figure class='gallery-item'>\n\t\t\t<div class='gallery-icon landscape'>\n\t\t\t\t<a href='https:\/\/gitesdelasaisse.fr\/img_5325\/'><img width=\"150\" height=\"150\" src=\"https:\/\/gitesdelasaisse.fr\/wp-content\/uploads\/2021\/05\/IMG_5325-150x150.jpeg\" class=\"attachment-thumbnail size-thumbnail\" alt=\"\" decoding=\"async\" loading=\"lazy\" \/><\/a>\n\t\t\t<\/div><\/figure><figure class='gallery-item'>\n\t\t\t<div class='gallery-icon landscape'>\n\t\t\t\t<a href='https:\/\/gitesdelasaisse.fr\/img_5328\/'><img width=\"150\" height=\"150\" src=\"https:\/\/gitesdelasaisse.fr\/wp-content\/uploads\/2021\/05\/IMG_5328-150x150.jpeg\" class=\"attachment-thumbnail size-thumbnail\" alt=\"\" decoding=\"async\" loading=\"lazy\" \/><\/a>\n\t\t\t<\/div><\/figure><figure class='gallery-item'>\n\t\t\t<div class='gallery-icon landscape'>\n\t\t\t\t<a href='https:\/\/gitesdelasaisse.fr\/img_5330\/'><img width=\"150\" height=\"150\" src=\"https:\/\/gitesdelasaisse.fr\/wp-content\/uploads\/2021\/05\/IMG_5330-150x150.jpeg\" class=\"attachment-thumbnail size-thumbnail\" alt=\"\" decoding=\"async\" loading=\"lazy\" \/><\/a>\n\t\t\t<\/div><\/figure><figure class='gallery-item'>\n\t\t\t<div class='gallery-icon portrait'>\n\t\t\t\t<a href='https:\/\/gitesdelasaisse.fr\/img_5300\/'><img width=\"150\" height=\"150\" src=\"https:\/\/gitesdelasaisse.fr\/wp-content\/uploads\/2021\/05\/IMG_5300-150x150.jpeg\" class=\"attachment-thumbnail size-thumbnail\" alt=\"\" decoding=\"async\" loading=\"lazy\" \/><\/a>\n\t\t\t<\/div><\/figure><figure class='gallery-item'>\n\t\t\t<div class='gallery-icon portrait'>\n\t\t\t\t<a href='https:\/\/gitesdelasaisse.fr\/img_5326\/'><img width=\"150\" height=\"150\" src=\"https:\/\/gitesdelasaisse.fr\/wp-content\/uploads\/2021\/05\/IMG_5326-150x150.jpeg\" class=\"attachment-thumbnail size-thumbnail\" alt=\"\" decoding=\"async\" loading=\"lazy\" \/><\/a>\n\t\t\t<\/div><\/figure><figure class='gallery-item'>\n\t\t\t<div class='gallery-icon landscape'>\n\t\t\t\t<a href='https:\/\/gitesdelasaisse.fr\/img_5331\/'><img width=\"150\" height=\"150\" src=\"https:\/\/gitesdelasaisse.fr\/wp-content\/uploads\/2021\/05\/IMG_5331-150x150.jpeg\" class=\"attachment-thumbnail size-thumbnail\" alt=\"\" decoding=\"async\" loading=\"lazy\" \/><\/a>\n\t\t\t<\/div><\/figure><figure class='gallery-item'>\n\t\t\t<div class='gallery-icon landscape'>\n\t\t\t\t<a href='https:\/\/gitesdelasaisse.fr\/img_5329\/'><img width=\"150\" height=\"150\" src=\"https:\/\/gitesdelasaisse.fr\/wp-content\/uploads\/2021\/05\/IMG_5329-150x150.jpeg\" class=\"attachment-thumbnail size-thumbnail\" alt=\"\" decoding=\"async\" loading=\"lazy\" \/><\/a>\n\t\t\t<\/div><\/figure><figure class='gallery-item'>\n\t\t\t<div class='gallery-icon portrait'>\n\t\t\t\t<a href='https:\/\/gitesdelasaisse.fr\/img_5327\/'><img width=\"150\" height=\"150\" src=\"https:\/\/gitesdelasaisse.fr\/wp-content\/uploads\/2021\/05\/IMG_5327-150x150.jpeg\" class=\"attachment-thumbnail size-thumbnail\" alt=\"\" decoding=\"async\" loading=\"lazy\" \/><\/a>\n\t\t\t<\/div><\/figure>\n\t\t<\/div>\n<\/p><p>\u00a0<\/p><p>\u00a0<\/p><\/div>\n\t\t\t\t\t\t\t\t\t<div class=\"elementor-tab-title elementor-tab-mobile-title\" aria-selected=\"false\" data-tab=\"2\" role=\"tab\" tabindex=\"-1\" aria-controls=\"elementor-tab-content-1062\" aria-expanded=\"false\">Studio n\u00b01 - 1er \u00e9t.<\/div>\n\t\t\t\t\t<div id=\"elementor-tab-content-1062\" class=\"elementor-tab-content elementor-clearfix\" data-tab=\"2\" role=\"tabpanel\" aria-labelledby=\"elementor-tab-title-1062\" tabindex=\"0\" hidden=\"hidden\"><p>\u00a0<\/p><p><div id='gallery-2' class='gallery galleryid-904 gallery-columns-3 gallery-size-thumbnail'><figure class='gallery-item'>\n\t\t\t<div class='gallery-icon landscape'>\n\t\t\t\t<a href='https:\/\/gitesdelasaisse.fr\/img_5270\/'><img width=\"150\" height=\"150\" src=\"https:\/\/gitesdelasaisse.fr\/wp-content\/uploads\/2021\/05\/IMG_5270-150x150.jpeg\" class=\"attachment-thumbnail size-thumbnail\" alt=\"\" decoding=\"async\" loading=\"lazy\" \/><\/a>\n\t\t\t<\/div><\/figure><figure class='gallery-item'>\n\t\t\t<div class='gallery-icon landscape'>\n\t\t\t\t<a href='https:\/\/gitesdelasaisse.fr\/img_5272\/'><img width=\"150\" height=\"150\" src=\"https:\/\/gitesdelasaisse.fr\/wp-content\/uploads\/2021\/05\/IMG_5272-150x150.jpeg\" class=\"attachment-thumbnail size-thumbnail\" alt=\"\" decoding=\"async\" loading=\"lazy\" \/><\/a>\n\t\t\t<\/div><\/figure><figure class='gallery-item'>\n\t\t\t<div class='gallery-icon landscape'>\n\t\t\t\t<a href='https:\/\/gitesdelasaisse.fr\/img_5271\/'><img width=\"150\" height=\"150\" src=\"https:\/\/gitesdelasaisse.fr\/wp-content\/uploads\/2021\/05\/IMG_5271-150x150.jpeg\" class=\"attachment-thumbnail size-thumbnail\" alt=\"\" decoding=\"async\" loading=\"lazy\" \/><\/a>\n\t\t\t<\/div><\/figure><figure class='gallery-item'>\n\t\t\t<div class='gallery-icon landscape'>\n\t\t\t\t<a href='https:\/\/gitesdelasaisse.fr\/img_5273\/'><img width=\"150\" height=\"150\" src=\"https:\/\/gitesdelasaisse.fr\/wp-content\/uploads\/2021\/05\/IMG_5273-150x150.jpeg\" class=\"attachment-thumbnail size-thumbnail\" alt=\"\" decoding=\"async\" loading=\"lazy\" \/><\/a>\n\t\t\t<\/div><\/figure><figure class='gallery-item'>\n\t\t\t<div class='gallery-icon landscape'>\n\t\t\t\t<a href='https:\/\/gitesdelasaisse.fr\/img_5274\/'><img width=\"150\" height=\"150\" src=\"https:\/\/gitesdelasaisse.fr\/wp-content\/uploads\/2021\/05\/IMG_5274-150x150.jpeg\" class=\"attachment-thumbnail size-thumbnail\" alt=\"\" decoding=\"async\" loading=\"lazy\" \/><\/a>\n\t\t\t<\/div><\/figure><figure class='gallery-item'>\n\t\t\t<div class='gallery-icon portrait'>\n\t\t\t\t<a href='https:\/\/gitesdelasaisse.fr\/img_5269\/'><img width=\"150\" height=\"150\" src=\"https:\/\/gitesdelasaisse.fr\/wp-content\/uploads\/2021\/05\/IMG_5269-150x150.jpeg\" class=\"attachment-thumbnail size-thumbnail\" alt=\"\" decoding=\"async\" loading=\"lazy\" \/><\/a>\n\t\t\t<\/div><\/figure><figure class='gallery-item'>\n\t\t\t<div class='gallery-icon portrait'>\n\t\t\t\t<a href='https:\/\/gitesdelasaisse.fr\/img_5266\/'><img width=\"150\" height=\"150\" src=\"https:\/\/gitesdelasaisse.fr\/wp-content\/uploads\/2021\/05\/IMG_5266-150x150.jpeg\" class=\"attachment-thumbnail size-thumbnail\" alt=\"\" decoding=\"async\" loading=\"lazy\" \/><\/a>\n\t\t\t<\/div><\/figure><figure class='gallery-item'>\n\t\t\t<div class='gallery-icon portrait'>\n\t\t\t\t<a href='https:\/\/gitesdelasaisse.fr\/img_5264\/'><img width=\"150\" height=\"150\" src=\"https:\/\/gitesdelasaisse.fr\/wp-content\/uploads\/2021\/05\/IMG_5264-150x150.jpeg\" class=\"attachment-thumbnail size-thumbnail\" alt=\"\" decoding=\"async\" loading=\"lazy\" \/><\/a>\n\t\t\t<\/div><\/figure><figure class='gallery-item'>\n\t\t\t<div class='gallery-icon portrait'>\n\t\t\t\t<a href='https:\/\/gitesdelasaisse.fr\/img_5262\/'><img width=\"150\" height=\"150\" src=\"https:\/\/gitesdelasaisse.fr\/wp-content\/uploads\/2021\/05\/IMG_5262-150x150.jpeg\" class=\"attachment-thumbnail size-thumbnail\" alt=\"\" decoding=\"async\" loading=\"lazy\" \/><\/a>\n\t\t\t<\/div><\/figure>\n\t\t<\/div>\n<\/p><p>\u00a0<\/p><\/div>\n\t\t\t\t\t\t\t\t\t<div class=\"elementor-tab-title elementor-tab-mobile-title\" aria-selected=\"false\" data-tab=\"3\" role=\"tab\" tabindex=\"-1\" aria-controls=\"elementor-tab-content-1063\" aria-expanded=\"false\">Studion\u00b02 - 1er \u00e9t.<\/div>\n\t\t\t\t\t<div id=\"elementor-tab-content-1063\" class=\"elementor-tab-content elementor-clearfix\" data-tab=\"3\" role=\"tabpanel\" aria-labelledby=\"elementor-tab-title-1063\" tabindex=\"0\" hidden=\"hidden\"><p><div id='gallery-3' class='gallery galleryid-904 gallery-columns-3 gallery-size-thumbnail'><figure class='gallery-item'>\n\t\t\t<div class='gallery-icon landscape'>\n\t\t\t\t<a href='https:\/\/gitesdelasaisse.fr\/img_5285\/'><img width=\"150\" height=\"150\" src=\"https:\/\/gitesdelasaisse.fr\/wp-content\/uploads\/2021\/05\/IMG_5285-150x150.jpeg\" class=\"attachment-thumbnail size-thumbnail\" alt=\"\" decoding=\"async\" loading=\"lazy\" \/><\/a>\n\t\t\t<\/div><\/figure><figure class='gallery-item'>\n\t\t\t<div class='gallery-icon landscape'>\n\t\t\t\t<a href='https:\/\/gitesdelasaisse.fr\/img_5297\/'><img width=\"150\" height=\"150\" src=\"https:\/\/gitesdelasaisse.fr\/wp-content\/uploads\/2021\/05\/IMG_5297-150x150.jpeg\" class=\"attachment-thumbnail size-thumbnail\" alt=\"\" decoding=\"async\" loading=\"lazy\" \/><\/a>\n\t\t\t<\/div><\/figure><figure class='gallery-item'>\n\t\t\t<div class='gallery-icon landscape'>\n\t\t\t\t<a href='https:\/\/gitesdelasaisse.fr\/img_5294\/'><img width=\"150\" height=\"150\" src=\"https:\/\/gitesdelasaisse.fr\/wp-content\/uploads\/2021\/05\/IMG_5294-150x150.jpeg\" class=\"attachment-thumbnail size-thumbnail\" alt=\"\" decoding=\"async\" loading=\"lazy\" \/><\/a>\n\t\t\t<\/div><\/figure><figure class='gallery-item'>\n\t\t\t<div class='gallery-icon landscape'>\n\t\t\t\t<a href='https:\/\/gitesdelasaisse.fr\/img_5293\/'><img width=\"150\" height=\"150\" src=\"https:\/\/gitesdelasaisse.fr\/wp-content\/uploads\/2021\/05\/IMG_5293-150x150.jpeg\" class=\"attachment-thumbnail size-thumbnail\" alt=\"\" decoding=\"async\" loading=\"lazy\" \/><\/a>\n\t\t\t<\/div><\/figure><figure class='gallery-item'>\n\t\t\t<div class='gallery-icon landscape'>\n\t\t\t\t<a href='https:\/\/gitesdelasaisse.fr\/img_5291\/'><img width=\"150\" height=\"150\" src=\"https:\/\/gitesdelasaisse.fr\/wp-content\/uploads\/2021\/05\/IMG_5291-150x150.jpeg\" class=\"attachment-thumbnail size-thumbnail\" alt=\"\" decoding=\"async\" loading=\"lazy\" \/><\/a>\n\t\t\t<\/div><\/figure><figure class='gallery-item'>\n\t\t\t<div class='gallery-icon landscape'>\n\t\t\t\t<a href='https:\/\/gitesdelasaisse.fr\/img_5287\/'><img width=\"150\" height=\"150\" src=\"https:\/\/gitesdelasaisse.fr\/wp-content\/uploads\/2021\/05\/IMG_5287-150x150.jpeg\" class=\"attachment-thumbnail size-thumbnail\" alt=\"\" decoding=\"async\" loading=\"lazy\" \/><\/a>\n\t\t\t<\/div><\/figure><figure class='gallery-item'>\n\t\t\t<div class='gallery-icon landscape'>\n\t\t\t\t<a href='https:\/\/gitesdelasaisse.fr\/img_5284\/'><img width=\"150\" height=\"150\" src=\"https:\/\/gitesdelasaisse.fr\/wp-content\/uploads\/2021\/05\/IMG_5284-150x150.jpeg\" class=\"attachment-thumbnail size-thumbnail\" alt=\"\" decoding=\"async\" loading=\"lazy\" \/><\/a>\n\t\t\t<\/div><\/figure><figure class='gallery-item'>\n\t\t\t<div class='gallery-icon landscape'>\n\t\t\t\t<a href='https:\/\/gitesdelasaisse.fr\/img_5301\/'><img width=\"150\" height=\"150\" src=\"https:\/\/gitesdelasaisse.fr\/wp-content\/uploads\/2021\/05\/IMG_5301-150x150.jpeg\" class=\"attachment-thumbnail size-thumbnail\" alt=\"\" decoding=\"async\" loading=\"lazy\" \/><\/a>\n\t\t\t<\/div><\/figure>\n\t\t<\/div>\n<\/p><p>\u00a0<\/p><div><span style=\"font-size: 16px; font-style: normal; font-weight: 400;\">\u00a0<\/span><\/div><\/div>\n\t\t\t\t\t\t\t\t\t<div class=\"elementor-tab-title elementor-tab-mobile-title\" aria-selected=\"false\" data-tab=\"4\" role=\"tab\" tabindex=\"-1\" aria-controls=\"elementor-tab-content-1064\" aria-expanded=\"false\">F2 - 2\u00e8 \u00e9t.<\/div>\n\t\t\t\t\t<div id=\"elementor-tab-content-1064\" class=\"elementor-tab-content elementor-clearfix\" data-tab=\"4\" role=\"tabpanel\" aria-labelledby=\"elementor-tab-title-1064\" tabindex=\"0\" hidden=\"hidden\"><p><div id='gallery-4' class='gallery galleryid-904 gallery-columns-3 gallery-size-thumbnail'><figure class='gallery-item'>\n\t\t\t<div class='gallery-icon landscape'>\n\t\t\t\t<a href='https:\/\/gitesdelasaisse.fr\/index.php\/home\/img_4875\/'><img width=\"150\" height=\"150\" src=\"https:\/\/gitesdelasaisse.fr\/wp-content\/uploads\/2021\/05\/IMG_4875-150x150.jpeg\" class=\"attachment-thumbnail size-thumbnail\" alt=\"\" decoding=\"async\" loading=\"lazy\" \/><\/a>\n\t\t\t<\/div><\/figure><figure class='gallery-item'>\n\t\t\t<div class='gallery-icon landscape'>\n\t\t\t\t<a href='https:\/\/gitesdelasaisse.fr\/img_4872\/'><img width=\"150\" height=\"150\" src=\"https:\/\/gitesdelasaisse.fr\/wp-content\/uploads\/2021\/05\/IMG_4872-150x150.jpeg\" class=\"attachment-thumbnail size-thumbnail\" alt=\"\" decoding=\"async\" loading=\"lazy\" \/><\/a>\n\t\t\t<\/div><\/figure><figure class='gallery-item'>\n\t\t\t<div class='gallery-icon landscape'>\n\t\t\t\t<a href='https:\/\/gitesdelasaisse.fr\/img_4875-2\/'><img width=\"150\" height=\"150\" src=\"https:\/\/gitesdelasaisse.fr\/wp-content\/uploads\/2021\/05\/IMG_4875-1-150x150.jpeg\" class=\"attachment-thumbnail size-thumbnail\" alt=\"\" decoding=\"async\" loading=\"lazy\" \/><\/a>\n\t\t\t<\/div><\/figure><figure class='gallery-item'>\n\t\t\t<div class='gallery-icon landscape'>\n\t\t\t\t<a href='https:\/\/gitesdelasaisse.fr\/img_5308\/'><img width=\"150\" height=\"150\" src=\"https:\/\/gitesdelasaisse.fr\/wp-content\/uploads\/2021\/05\/IMG_5308-150x150.jpeg\" class=\"attachment-thumbnail size-thumbnail\" alt=\"\" decoding=\"async\" loading=\"lazy\" \/><\/a>\n\t\t\t<\/div><\/figure><figure class='gallery-item'>\n\t\t\t<div class='gallery-icon landscape'>\n\t\t\t\t<a href='https:\/\/gitesdelasaisse.fr\/img_5310\/'><img width=\"150\" height=\"150\" src=\"https:\/\/gitesdelasaisse.fr\/wp-content\/uploads\/2021\/05\/IMG_5310-150x150.jpeg\" class=\"attachment-thumbnail size-thumbnail\" alt=\"\" decoding=\"async\" loading=\"lazy\" \/><\/a>\n\t\t\t<\/div><\/figure><figure class='gallery-item'>\n\t\t\t<div class='gallery-icon portrait'>\n\t\t\t\t<a href='https:\/\/gitesdelasaisse.fr\/img_5319\/'><img width=\"150\" height=\"150\" src=\"https:\/\/gitesdelasaisse.fr\/wp-content\/uploads\/2021\/05\/IMG_5319-150x150.jpeg\" class=\"attachment-thumbnail size-thumbnail\" alt=\"\" decoding=\"async\" loading=\"lazy\" \/><\/a>\n\t\t\t<\/div><\/figure><figure class='gallery-item'>\n\t\t\t<div class='gallery-icon landscape'>\n\t\t\t\t<a href='https:\/\/gitesdelasaisse.fr\/img_5318\/'><img width=\"150\" height=\"150\" src=\"https:\/\/gitesdelasaisse.fr\/wp-content\/uploads\/2021\/05\/IMG_5318-150x150.jpeg\" class=\"attachment-thumbnail size-thumbnail\" alt=\"\" decoding=\"async\" loading=\"lazy\" \/><\/a>\n\t\t\t<\/div><\/figure><figure class='gallery-item'>\n\t\t\t<div class='gallery-icon portrait'>\n\t\t\t\t<a href='https:\/\/gitesdelasaisse.fr\/img_5307\/'><img width=\"150\" height=\"150\" src=\"https:\/\/gitesdelasaisse.fr\/wp-content\/uploads\/2021\/05\/IMG_5307-150x150.jpeg\" class=\"attachment-thumbnail size-thumbnail\" alt=\"\" decoding=\"async\" loading=\"lazy\" \/><\/a>\n\t\t\t<\/div><\/figure><figure class='gallery-item'>\n\t\t\t<div class='gallery-icon portrait'>\n\t\t\t\t<a href='https:\/\/gitesdelasaisse.fr\/img_5316\/'><img width=\"150\" height=\"150\" src=\"https:\/\/gitesdelasaisse.fr\/wp-content\/uploads\/2021\/05\/IMG_5316-150x150.jpeg\" class=\"attachment-thumbnail size-thumbnail\" alt=\"\" decoding=\"async\" loading=\"lazy\" \/><\/a>\n\t\t\t<\/div><\/figure><figure class='gallery-item'>\n\t\t\t<div class='gallery-icon portrait'>\n\t\t\t\t<a href='https:\/\/gitesdelasaisse.fr\/img_5314\/'><img width=\"150\" height=\"150\" src=\"https:\/\/gitesdelasaisse.fr\/wp-content\/uploads\/2021\/05\/IMG_5314-150x150.jpeg\" class=\"attachment-thumbnail size-thumbnail\" alt=\"\" decoding=\"async\" loading=\"lazy\" \/><\/a>\n\t\t\t<\/div><\/figure><figure class='gallery-item'>\n\t\t\t<div class='gallery-icon landscape'>\n\t\t\t\t<a href='https:\/\/gitesdelasaisse.fr\/img_5309\/'><img width=\"150\" height=\"150\" src=\"https:\/\/gitesdelasaisse.fr\/wp-content\/uploads\/2021\/05\/IMG_5309-150x150.jpeg\" class=\"attachment-thumbnail size-thumbnail\" alt=\"\" decoding=\"async\" loading=\"lazy\" \/><\/a>\n\t\t\t<\/div><\/figure><figure class='gallery-item'>\n\t\t\t<div class='gallery-icon landscape'>\n\t\t\t\t<a href='https:\/\/gitesdelasaisse.fr\/img_5322\/'><img width=\"150\" height=\"150\" src=\"https:\/\/gitesdelasaisse.fr\/wp-content\/uploads\/2021\/05\/IMG_5322-150x150.jpeg\" class=\"attachment-thumbnail size-thumbnail\" alt=\"\" decoding=\"async\" loading=\"lazy\" \/><\/a>\n\t\t\t<\/div><\/figure><figure class='gallery-item'>\n\t\t\t<div class='gallery-icon landscape'>\n\t\t\t\t<a href='https:\/\/gitesdelasaisse.fr\/img_5312\/'><img width=\"150\" height=\"150\" src=\"https:\/\/gitesdelasaisse.fr\/wp-content\/uploads\/2021\/05\/IMG_5312-150x150.jpeg\" class=\"attachment-thumbnail size-thumbnail\" alt=\"\" decoding=\"async\" loading=\"lazy\" \/><\/a>\n\t\t\t<\/div><\/figure><figure class='gallery-item'>\n\t\t\t<div class='gallery-icon portrait'>\n\t\t\t\t<a href='https:\/\/gitesdelasaisse.fr\/img_5313\/'><img width=\"150\" height=\"150\" src=\"https:\/\/gitesdelasaisse.fr\/wp-content\/uploads\/2021\/05\/IMG_5313-150x150.jpeg\" class=\"attachment-thumbnail size-thumbnail\" alt=\"\" decoding=\"async\" loading=\"lazy\" \/><\/a>\n\t\t\t<\/div><\/figure>\n\t\t<\/div>\n<\/p><p>\u00a0<\/p><div><span style=\"font-size: 16px; font-style: normal; font-weight: 400;\">\u00a0<\/span><\/div><\/div>\n\t\t\t\t\t\t\t<\/div>\n\t\t<\/div>\n\t\t\t\t<\/div>\n\t\t\t\t<\/div>\n\t\t\t\t\t<\/div>\n\t\t<\/div>\n\t\t\t\t\t\t\t<\/div>\n\t\t<\/section>\n\t\t\t\t\t\t<\/div>\n\t\t\t\t\t<\/div>\n\t\t","protected":false},"excerpt":{"rendered":"<p>Les 4 appartements des g\u00eetes de la Saisse Nos 4 appartements ont tous une magnifique vue sur le lac et\/ou sur la rivi\u00e8re ; diff\u00e9rents tous les 4 diff\u00e9rents, chacun a un petit plus qui le diff\u00e9rencie des autres, que ce soit : de larges baies vitr\u00e9es (6 m.), et la pr\u00e9sence de la charpente, &hellip;<\/p>\n<p class=\"read-more\"> <a class=\"\" href=\"https:\/\/gitesdelasaisse.fr\/index.php\/logements\/\"> <span class=\"screen-reader-text\">Logements<\/span> Lire la suite\u00a0\u00bb<\/a><\/p>\n","protected":false},"author":1,"featured_media":0,"parent":0,"menu_order":0,"comment_status":"closed","ping_status":"closed","template":"","meta":[],"_links":{"self":[{"href":"https:\/\/gitesdelasaisse.fr\/index.php\/wp-json\/wp\/v2\/pages\/904"}],"collection":[{"href":"https:\/\/gitesdelasaisse.fr\/index.php\/wp-json\/wp\/v2\/pages"}],"about":[{"href":"https:\/\/gitesdelasaisse.fr\/index.php\/wp-json\/wp\/v2\/types\/page"}],"author":[{"embeddable":true,"href":"https:\/\/gitesdelasaisse.fr\/index.php\/wp-json\/wp\/v2\/users\/1"}],"replies":[{"embeddable":true,"href":"https:\/\/gitesdelasaisse.fr\/index.php\/wp-json\/wp\/v2\/comments?post=904"}],"version-history":[{"count":43,"href":"https:\/\/gitesdelasaisse.fr\/index.php\/wp-json\/wp\/v2\/pages\/904\/revisions"}],"predecessor-version":[{"id":1514,"href":"https:\/\/gitesdelasaisse.fr\/index.php\/wp-json\/wp\/v2\/pages\/904\/revisions\/1514"}],"wp:attachment":[{"href":"https:\/\/gitesdelasaisse.fr\/index.php\/wp-json\/wp\/v2\/media?parent=904"}],"curies":[{"name":"wp","href":"https:\/\/api.w.org\/{rel}","templated":true}]}}